ors of (-2 - 0)/(-2)*j.
7, 31
Let r = 2 + 1. Suppose -4*b - r*b = 63. What are the prime factors of (-5)/(-15) - 393/b?
2, 11
Suppose r + 3*r - 7*r = 0. Suppose 5*p = 3*l - 181, l = -r*p - 2*p + 75. List the prime factors of l.
67
Let v(r) = -5*r + 10. Let z be v(0). Suppose -z*u - 5*u = -9645. What are the prime factors of u?
643
Let y be 1/(-4)*4*(2 + -2). Let x(w) = w**3 - w**2 - w + 366. Let h be x(y). Let m = -252 + h. List the prime factors of m.
2, 3, 19
Suppose -2*o + 23439 = r, 27 = 4*r + 47. List the prime factors of o.
2, 5861
Let n = 158 - 160. What are the prime factors of (-1296)/(-9) + n*1?
2, 71
Suppose 3*y = -5*b + 3414, 8*y - 13*y + 3*b + 5656 = 0. Suppose 0 = 6*m + y - 9017. List the prime factors of m.
2, 3, 73
Suppose -4*z = -613 + 193. Suppose -z = -3*q + 4*c + 100, 0 = 3*c + 12. List the prime factors of q.
3, 7
Let q(g) = -g**3 - 6*g**2 + 3*g + 2. Let v be q(-6). Let h = v - -18. Suppose -o + 24 = m, h*m - 2*o = -o + 39. What are the prime factors of m?
3, 7
What are the prime factors of 8 - ((-111624)/17 + (-20)/(-170))?
2, 19, 173
Let z be (-2 + 9 - 4) + (1 - 0). Suppose 4 = -z*c, -c + 216 = m - 2*c. What are the prime factors of m?
5, 43
Let j be (-4)/4 - (0 + 1). Let o(m) = m**3 + 10*m**2 + 47*m + 183. Let y be o(-7). What are the prime factors of 34*j*y/8*-2?
17
Let d(z) = -5*z + 49. Let i be d(8). Suppose 0 = -i*c + c + 904. List the prime factors of c.
113
Let s = -47 - -47. Suppose 2*o = s, -2*q + 4*o = q - 27. Suppose -j = -170 + q. What are the prime factors of j?
7, 23
Suppose 34*v - 300699 = 40*v - 43*v. What are the prime factors of v?
3, 7, 43
Let y = -6627 + 7852. What are the prime factors of y?
5, 7
Suppose 315 = 5*y - 4*y. Let x be 10 + 1 - (8 - 4). What are the prime factors of 0 - y/(-6) - x/14?
2, 13
Let g = -32523 + 81831. What are the prime factors of g?
2, 3, 7, 587
Let n(o) = -71 + 43*o + 58 - 15*o. Let m(j) = j. Let z(w) = m(w) - n(w). What are the prime factors of z(-8)?
229
Let b = 36 - 46. Let a = 438 + b. Let n = a + -277. List the prime factors of n.
151
Let u = 1423 + -1413. Let n(j) = j + 10. Let f be n(-6). What are the prime factors of (598/65)/(f/u)?
23
Suppose -25*b - 20 = -20*b. What are the prime factors of 0 + b/(-6) + (-3506)/(-6)?
3, 5, 13
Let k = 6 - -7. Suppose 24 = 4*i + 2*v, -2*i - 5*v + k = -15. Suppose 46 = 3*l + i*d, -5 = -5*d + 15. List the prime factors of l.
2, 5
Let x = -147573 - -242508. What are the prime factors of -1*(2/9 + x/(-135))?
19, 37
Let a = -55 + 82. Let b be 52/6 - -3*3/a. Let n(u) = 3*u + 1. What are the prime factors of n(b)?
2, 7
Let p(f) = -f + 1. Let k(c) = -115*c + 99. Let w(b) = k(b) + 4*p(b). What are the prime factors of w(-7)?
2, 3, 13
Let t = -510 - -513. Suppose -41 = t*c - 935. List the prime factors of c.
2, 149
Let w be (-244 + 239)/(0 - 1). Let l(o) = -8*o**3 - 2*o**2 + 4*o - 1. Let u be l(-3). Suppose -w*v = -u - 280. List the prime factors of v.
3, 31
Let x = -80 + 135. Let c = x - 50. Suppose -j + 293 = -c*n + 104, 740 = 4*j - 4*n. List the prime factors of j.
2, 23
Let n(s) = s**2 + 10*s + 2. Let i be n(-10). Suppose 6*w - w + 60 = 4*z, -4*w = -i*z + 30. What are the prime factors of z?
3, 5
List the prime factors of (-5)/(-4) + ((-3984050)/(-56) - -15).
2, 3, 5, 593
Suppose 0 = -3*v - 8*v + 792. List the prime factors of 115 - (v/(-9) + 15).
2, 3
Let r be 2/(-1) - (444 + (-1 - -4)). Let d = r + 315. Let i = 51 - d. What are the prime factors of i?
5, 37
Let d = 220 + -184. Let o = d + 110. What are the prime factors of o?
2, 73
Suppose -41*i + 13*i - 75*i = -1492573. List the prime factors of i.
43, 337
Let q(s) = s**3 + 26*s**2 - 3*s + 3. Let z(y) = y**3 + 6*y**2 - 20*y + 17. Let o be z(-7). Let h = -134 + o. What are the prime factors of q(h)?
3
Let g(v) = -956*v + 44. Let x be g(-3). Suppose -5*s + x = -2*q, 2*s = -2*s + 3*q + 2324. What are the prime factors of s?
2, 73
Let x(h) be the third derivative of 55*h**4/24 - h**3/2 - 410*h**2. Let y = 4 + -3. What are the prime factors of x(y)?
2, 13
Suppose -o + 0*o + 3 = 0, o + 1 = 2*y. Let i(h) = 124*h**2 + 5*h - 9. What are the prime factors of i(y)?
7, 71
Suppose 5*i - 42333 = -807*w + 805*w, 2*i = -3*w + 16931. List the prime factors of i.
8467
Let z(w) = 221*w + 227. Let j be z(9). Let t = j - 665. What are the prime factors of t?
3, 11, 47
Suppose 3*t = 3*k - 696, -317*k + 4*t + 244 = -316*k. List the prime factors of k.
2, 3, 19
List the prime factors of -1 - 4/(6 - 10) - (-4298 + 0).
2, 7, 307
What are the prime factors of (118/20 - (-48)/80)*(6 - -3030)?
2, 3, 11, 13, 23
Suppose 37 = 6*r + 19. Suppose 0 = r*j + 3*q - 777, 5*q = -j + 3*q + 255. What are the prime factors of j?
263
Let i(w) = w**2 - 11*w - 7. Suppose 9*t = 17*t - 96. Let q be i(t). Suppose 0 = 3*s - 4*x - 11 - 47, 3*s - q*x = 59. What are the prime factors of s?
2, 3
Let y(g) = 27*g**2 + 834*g + 5880. List the prime factors of y(-7).
3, 5, 7, 13
Let d(k) = -54*k**3 + 8 - 9*k + 123*k**3 - 2*k**2 - k**2 + 10 + 5. List the prime factors of d(2).
5, 109
Suppose 0 = -5*n + 3*n - j + 4, -5*n - 3*j = -9. Let x be (276/10)/n - (-3)/(-15). Let h(r) = 2*r**2 - 15*r + 9. List the prime factors of h(x).
2, 3
Suppose 26*d = 36 + 120. Suppose d*n = 5089 + 2441. What are the prime factors of n?
5, 251
Let c(x) = 34*x + 32. Let q(r) = -r**2 - 13*r - 21. Let u be q(-10). What are the prime factors of c(u)?
2, 13
Let v(r) = 257*r + 38. Suppose 0 = -4*w + 5*c - 5, 7*w + 2*c = 6*w + 15. What are the prime factors of v(w)?
3, 7
What are the prime factors of (-227254)/(-6) - -2 - 63/(-189)?
2, 3, 59, 107
Let i be (-2)/(2 - 1) - -15. Let v be -65*(i/(-39))/(2/18). Let p = -75 + v. What are the prime factors of p?
2, 3, 5
Let q(n) = 2*n - 37. Let l be q(21). Suppose -l*a - 1 = 2*x - 6, -5*x = 5*a + 10. Suppose 3*z = 2*u - 77, -5*z + 58 = 4*u - a*u. List the prime factors of u.
43
Let w(y) = -y**3 - 17*y**2 - 6*y - 97. Let n be w(-17). Suppose 4*g - n*l = 6097, 2*l = -l - 3. List the prime factors of g.
1523
Let c = 56 - 49. Let l(w) = -4*w**3 - 17*w**2 + w + 1. Let b(q) = 3*q**3 + 16*q**2 - 2*q. Let r(j) = -6*b(j) - 5*l(j). What are the prime factors of r(c)?
191
Let z = 500 - 495. Suppose -2*v + 1190 = z*g - 8*g, v - 5*g - 595 = 0. List the prime factors of v.
5, 7, 17
Suppose 5*y - 4*c - 73096 = 0, 3*y - 35811 - 8079 = -3*c. What are the prime factors of y?
2, 457
What are the prime factors of ((-363)/(-6))/(9/774 - 0)?
11, 43
Let g be 292/18 + (-22)/99. Suppose g*t + 151 = 2087. What are the prime factors of t?
11
Let a = -3403 + 4993. What are the prime factors of a?
2, 3, 5, 53
Suppose 52*a - 39795 = 12985. List the prime factors of a.
5, 7, 29
Let p = -252 - -242. What are the prime factors of 6452/16 - p/(-40)?
13, 31
Let p(j) = -2*j**2 + 52*j + 59. Let a be p(27). Suppose z + 3*w - 501 = 5*w, 0 = -z + a*w + 498. List the prime factors of z.
503
Let t(a) = -a**2 + 6*a - 4. Let s be t(5). Let v(g) = -2*g + 6. Let j be v(0). What are the prime factors of (-2094)/(-36) - s/j?
2, 29
Let k(r) = 22*r - 27 - 3*r**3 - 17*r**2 + 4*r**3 - 1. Suppose 64 = 2*z + 2*z. List the prime factors of k(z).
2, 17
Let o be (-28)/8 - (-8)/(-16). What are the prime factors of (9/o)/((-7)/196)?
3, 7
List the prime factors of (-10)/12 + 3228448/384*2.
2, 7, 1201
Let k be 99/(-33) + 2 + -1 + 28. Suppose 24*v - k*v + 330 = 0. Suppose 64 = -2*x + 3*a + 235, 0 = 2*x - 5*a - v. What are the prime factors of x?
2, 3, 5
Suppose -5*g = -4*u + 43543, -5*g + 17420 = 3*u - 15281. List the prime factors of u.
2, 7, 389
Suppose -5*o - 60 = -10*o. Suppose -o*r + 8*r + 12 = 0. Suppose l - 25 = -2*g, 0 = 3*g + r*l - 34 - 2. List the prime factors of g.
13
Let f(h) = 71*h**2 + 60*h + 290. List the prime factors of f(14).
2, 7523
Let b be (15 - 3)*1/(-3) - -6. Suppose z - b*t + 975 = 6*z, 3*z + 2*t - 581 = 0. Let n = z + -94. List the prime factors of n.
103
Let l(t) = -t**2 + 13*t - 22. Let p(d) = 2*d - 4. Let k be p(4). Suppose 3*y + k*h = 47, 3*y = -y + h + 31. List the prime factors of l(y).
2, 7
Suppose -88 = -26*y + 28*y. List the prime factors of (-8)/y + (-144300)/(-110).
2, 41
Let p = -60 + 1078. Suppose -4*v = 5*h - 2760, -5*v + 1190 + p = 4*h. What are the prime factors of h?
2, 3, 23
Let w be (-2)/4*(1 - 1). Suppose w - 3 = -l. Suppose 0 = -l*q + 525 + 5